{"id":33,"date":"2017-08-04T07:44:03","date_gmt":"2017-08-04T07:44:03","guid":{"rendered":"http:\/\/www.vhsprojekt.cz\/index.php\/vitejte-2\/"},"modified":"2025-09-05T16:01:29","modified_gmt":"2025-09-05T16:01:29","slug":"vitejte-2","status":"publish","type":"page","link":"https:\/\/www.vhsprojekt.cz\/","title":{"rendered":"V\u00edtejte"},"content":{"rendered":"<p>YTozOntpOjA7YTo0OntzOjU6ImNsYXNzIjtzOjA6IiI7czo1OiJzdHlsZSI7YToyNDp7czoxNjoiYmFja2dyb3VuZF9jb2xvciI7YTo2OntzOjY6ImNvbG9yMSI7czo3OiIjZmZmZmZmIjtzOjY6ImNvbG9yMiI7czowOiIiO3M6MTM6InRyYW5zcGFyZW5jeTEiO2k6MTtzOjU6InJnYmExIjtzOjIyOiJyZ2JhKDI1NSwgMjU1LCAyNTUsIDEpIjtzOjEzOiJ0cmFuc3BhcmVuY3kyIjtpOjE7czo1OiJyZ2JhMiI7czowOiIiO31zOjE2OiJiYWNrZ3JvdW5kX2ltYWdlIjthOjc6e3M6MTM6Im92ZXJsYXlfY29sb3IiO2E6Mzp7czo1OiJjb2xvciI7czo3OiIjMTU4ZWJmIjtzOjEyOiJ0cmFuc3BhcmVuY3kiO2Q6MC44O3M6NDoicmdiYSI7czoyMzoicmdiYSgyMSwgMTQyLCAxOTEsIDAuOCkiO31zOjg6InBvc2l0aW9uIjtzOjc6IjUwJSA1MCUiO3M6NjoicmVwZWF0IjtzOjk6Im5vLXJlcGVhdCI7czo1OiJpbWFnZSI7czo0MDoiL3dwLWNvbnRlbnQvdXBsb2Fkcy8yMDE3LzA4L3BvemFkaV8yLnBuZyI7czo3OiJpbWFnZWlkIjtzOjA6IiI7czo3OiJwYXR0ZXJuIjtzOjA6IiI7czo1OiJlZmVjdCI7czowOiIiO31zOjQ6ImZvbnQiO2E6NDp7czo5OiJmb250LXNpemUiO3M6MDoiIjtzOjExOiJmb250LWZhbWlseSI7czowOiIiO3M6Njoid2VpZ2h0IjtzOjA6IiI7czo1OiJjb2xvciI7czowOiIiO31zOjEwOiJsaW5rX2NvbG9yIjtzOjA6IiI7czo0OiJ0eXBlIjtzOjU6ImJhc2ljIjtzOjExOiJwYWRkaW5nX3RvcCI7czoyOiI0MCI7czoxNDoicGFkZGluZ19ib3R0b20iO3M6MjoiNDAiO3M6MTI6InBhZGRpbmdfbGVmdCI7YToyOntzOjQ6InNpemUiO3M6MDoiIjtzOjQ6InVuaXQiO3M6MjoicHgiO31zOjEzOiJwYWRkaW5nX3JpZ2h0IjthOjI6e3M6NDoic2l6ZSI7czowOiIiO3M6NDoidW5pdCI7czoyOiJweCI7fXM6ODoibWFyZ2luX3QiO2E6MTp7czo0OiJzaXplIjtzOjA6IiI7fXM6ODoibWFyZ2luX2IiO2E6MTp7czo0OiJzaXplIjtzOjA6IiI7fXM6MTA6ImJvcmRlci10b3AiO2E6Mzp7czo0OiJzaXplIjtzOjE6IjAiO3M6NToic3R5bGUiO3M6NToic29saWQiO3M6NToiY29sb3IiO3M6NzoiIzAwOWZkZiI7fXM6MTM6ImJvcmRlci1ib3R0b20iO2E6Mzp7czo0OiJzaXplIjtzOjE6IjAiO3M6NToic3R5bGUiO3M6NToic29saWQiO3M6NToiY29sb3IiO3M6MDoiIjt9czoxMDoibWluLWhlaWdodCI7czowOiIiO3M6MTQ6ImhlaWdodF9zZXR0aW5nIjthOjE6e3M6ODoiaXNfc2F2ZWQiO3M6MToiMSI7fXM6OToiY3NzX2NsYXNzIjtzOjA6IiI7czo1OiJkZWxheSI7czowOiIiO3M6MTA6InZpZGVvX3R5cGUiO3M6NjoiY3VzdG9tIjtzOjEzOiJjb250ZW50X2FsaWduIjtzOjM6InRvcCI7czoxMDoicm93X2hlaWdodCI7czowOiIiO3M6NDoidGV4dCI7czo2OiJjdXN0b20iO3M6MTE6InJvd19wYWRkaW5nIjtzOjY6ImN1c3RvbSI7czoxMDoibWFyZ2luX3RvcCI7czowOiIiO3M6MTM6Im1hcmdpbl9ib3R0b20iO3M6MDoiIjt9czo3OiJjb250ZW50IjthOjE6e2k6MDthOjM6e3M6NDoidHlwZSI7czo3OiJjb2wtb25lIjtzOjU6ImNsYXNzIjtzOjA6IiI7czo3OiJjb250ZW50IjthOjQ6e2k6MDthOjM6e3M6NDoidHlwZSI7czo1OiJpbWFnZSI7czo1OiJzdHlsZSI7YToxNTp7czo1OiJpbWFnZSI7YToyOntzOjU6ImltYWdlIjtzOjQ5OiIvd3AtY29udGVudC91cGxvYWRzLzIwMTcvMDgvbG9nb19ub3JtYWxfOTBwaXgucG5nIjtzOjc6ImltYWdlaWQiO3M6MDoiIjt9czoxMjoiY2xpY2tfYWN0aW9uIjtzOjQ6Im5vbmUiO3M6NToiYWxlcnQiO3M6MDoiIjtzOjU6InBvcHVwIjtzOjA6IiI7czo0OiJsaW5rIjthOjM6e3M6NDoicGFnZSI7czoxOiI5IjtzOjQ6ImxpbmsiO3M6MDoiIjtzOjY6InRhcmdldCI7czoxOiIxIjt9czoxMToibGFyZ2VfaW1hZ2UiO2E6Mjp7czo1OiJpbWFnZSI7czowOiIiO3M6NzoiaW1hZ2VpZCI7czowOiIiO31zOjU6ImFsaWduIjtzOjY6ImNlbnRlciI7czo5OiJtYXgtd2lkdGgiO3M6MDoiIjtzOjU6ImxhYmVsIjtzOjA6IiI7czo1OiJzdHlsZSI7czoxOiIxIjtzOjQ6Im13MzAiO3M6MToiMSI7czo3OiJjb250ZW50IjtzOjA6IiI7czoxMDoidGh1bWJfbmFtZSI7czowOiIiO3M6MTE6ImhvdmVyX2NvbG9yIjthOjM6e3M6NToiY29sb3IiO3M6NzoiIzAwMDAwMCI7czoxMjoidHJhbnNwYXJlbmN5IjtkOjAuMztzOjQ6InJnYmEiO3M6MTU6InJnYmEoMCwwLDAsMC4zKSI7fXM6OToiaW1nX3N0eWxlIjtzOjE6IjEiO31zOjY6ImNvbmZpZyI7YTo3OntzOjk6Im1heF93aWR0aCI7czowOiIiO3M6MTA6Im1hcmdpbl90b3AiO3M6MToiMCI7czoxMzoibWFyZ2luX2JvdHRvbSI7czoyOiI0MCI7czo1OiJkZWxheSI7czowOiIiO3M6NzoiYW5pbWF0ZSI7czowOiIiO3M6MjoiaWQiO3M6MDoiIjtzOjU6ImNsYXNzIjtzOjA6IiI7fX1pOjE7YTozOntzOjQ6InR5cGUiO3M6NToidGl0bGUiO3M6NToic3R5bGUiO2E6Nzp7czo0OiJmb250IjthOjY6e3M6OToiZm9udC1zaXplIjtzOjI6IjMwIjtzOjExOiJmb250LWZhbWlseSI7czowOiIiO3M6Njoid2VpZ2h0IjtzOjA6IiI7czoxMToibGluZS1oZWlnaHQiO3M6MzoiMS4yIjtzOjU6ImNvbG9yIjtzOjc6IiMwMDJmNmMiO3M6MTE6InRleHQtc2hhZG93IjtzOjQ6Im5vbmUiO31zOjU6InN0eWxlIjtzOjE6IjEiO3M6NjoiYm9yZGVyIjthOjI6e3M6NDoic2l6ZSI7czoxOiIxIjtzOjU6ImNvbG9yIjtzOjc6IiNkNWQ1ZDUiO31zOjE2OiJiYWNrZ3JvdW5kLWNvbG9yIjthOjM6e3M6NjoiY29sb3IxIjtzOjc6IiNlOGU4ZTgiO3M6MTM6InRyYW5zcGFyZW5jeTEiO3M6MToiMSI7czo1OiJyZ2JhMSI7czoxOToicmdiYSgyMzIsMjMyLDIzMiwxKSI7fXM6NToiYWxpZ24iO3M6NjoiY2VudGVyIjtzOjQ6Im13MzAiO3M6MToiMSI7czo3OiJjb250ZW50IjtzOjgzOiI8aDEgc3R5bGU9XCJ0ZXh0LWFsaWduOiBjZW50ZXI7XCI+SnNtZSBwcm9qZWvEjW7DrSBhIGtvbnp1bHRhxI1uw60gc3BvbGXEjW5vc3Q8L2gxPiI7fXM6NjoiY29uZmlnIjthOjE6e3M6MTM6Im1hcmdpbl9ib3R0b20iO3M6MjoiMjAiO319aToyO2E6Mzp7czo0OiJ0eXBlIjtzOjQ6InRleHQiO3M6NToic3R5bGUiO2E6Njp7czo0OiJmb250IjthOjU6e3M6OToiZm9udC1zaXplIjtzOjI6IjIwIjtzOjExOiJmb250LWZhbWlseSI7czowOiIiO3M6Njoid2VpZ2h0IjtzOjA6IiI7czoxMToibGluZS1oZWlnaHQiO3M6MToiMSI7czo1OiJjb2xvciI7czo3OiIjNTc1NzU3Ijt9czoyOiJsaSI7czowOiIiO3M6NToic3R5bGUiO3M6MToiMSI7czoxODoicC1iYWNrZ3JvdW5kLWNvbG9yIjthOjM6e3M6NjoiY29sb3IxIjtzOjc6IiNlOGU4ZTgiO3M6MTM6InRyYW5zcGFyZW5jeTEiO3M6MToiMSI7czo1OiJyZ2JhMSI7czoxOToicmdiYSgyMzIsMjMyLDIzMiwxKSI7fXM6NDoibXczMCI7czoxOiIxIjtzOjc6ImNvbnRlbnQiO3M6MTY1OiI8cCBzdHlsZT1cInRleHQtYWxpZ246IGNlbnRlcjtcIj5OYWLDrXrDrW1lIHZ5aG90b3ZlbsOtIHByb2pla3RvdsO9Y2ggZG9rdW1lbnRhY8OtPC9wPg0KPHAgc3R5bGU9XCJ0ZXh0LWFsaWduOiBjZW50ZXI7XCI+dsWhZWNoIHR5cMWvIHZvZG9ob3Nwb2TDocWZc2vDvWNoIHN0YXZlYjwvcD4iO31zOjY6ImNvbmZpZyI7YTo3OntzOjk6Im1heF93aWR0aCI7czowOiIiO3M6MTA6Im1hcmdpbl90b3AiO3M6MToiMCI7czoxMzoibWFyZ2luX2JvdHRvbSI7czoyOiIyMCI7czo1OiJkZWxheSI7czowOiIiO3M6NzoiYW5pbWF0ZSI7czowOiIiO3M6MjoiaWQiO3M6MDoiIjtzOjU6ImNsYXNzIjtzOjA6IiI7fX1pOjM7YTozOntzOjQ6InR5cGUiO3M6NjoiYnV0dG9uIjtzOjU6InN0eWxlIjthOjE0OntzOjQ6InNob3ciO3M6MzoidXJsIjtzOjQ6ImxpbmsiO2E6Mjp7czo0OiJwYWdlIjtzOjI6IjI5IjtzOjQ6ImxpbmsiO3M6MDoiIjt9czo1OiJwb3B1cCI7czowOiIiO3M6NToiYWxpZ24iO3M6NjoiY2VudGVyIjtzOjY6ImJ1dHRvbiI7YToxMTp7czo1OiJzdHlsZSI7czoxOiIxIjtzOjQ6ImZvbnQiO2E6NTp7czo5OiJmb250LXNpemUiO3M6MjoiMzAiO3M6MTE6ImZvbnQtZmFtaWx5IjtzOjA6IiI7czo2OiJ3ZWlnaHQiO3M6MDoiIjtzOjU6ImNvbG9yIjtzOjc6IiNmZmZmZmYiO3M6MTE6InRleHQtc2hhZG93IjtzOjQ6Im5vbmUiO31zOjE2OiJiYWNrZ3JvdW5kX2NvbG9yIjthOjI6e3M6NjoiY29sb3IxIjtzOjc6IiMwMDlmZGYiO3M6NjoiY29sb3IyIjtzOjc6IiMwMDlmZGYiO31zOjY6ImNvcm5lciI7czoyOiIxMCI7czoxNDoiaGVpZ2h0X3BhZGRpbmciO3M6MzoiMC4zIjtzOjEzOiJ3aWR0aF9wYWRkaW5nIjtzOjM6IjEuMSI7czoxMjoiYm9yZGVyLWNvbG9yIjtzOjA6IiI7czoxMjoiaG92ZXJfZWZmZWN0IjtzOjc6ImxpZ2h0ZXIiO3M6MTE6ImhvdmVyX2NvbG9yIjthOjI6e3M6NjoiY29sb3IxIjtzOjA6IiI7czo2OiJjb2xvcjIiO3M6MDoiIjt9czoxNjoiaG92ZXJfZm9udF9jb2xvciI7czowOiIiO3M6MTg6ImJvcmRlcl9ob3Zlci1jb2xvciI7czowOiIiO31zOjU6InRleHQyIjtzOjE1OiJUZXh0IHRsYcSNw610a2EiO3M6NToic2hvdzIiO3M6MzoidXJsIjtzOjU6ImxpbmsyIjthOjI6e3M6NDoicGFnZSI7czowOiIiO3M6NDoibGluayI7czowOiIiO31zOjY6InBvcHVwMiI7czowOiIiO3M6NzoiYnV0dG9uMiI7YToxMTp7czo1OiJzdHlsZSI7czoxOiIxIjtzOjQ6ImZvbnQiO2E6NTp7czo5OiJmb250LXNpemUiO3M6MjoiMzAiO3M6MTE6ImZvbnQtZmFtaWx5IjtzOjA6IiI7czo2OiJ3ZWlnaHQiO3M6MDoiIjtzOjU6ImNvbG9yIjtzOjc6IiMyYjJiMmIiO3M6MTE6InRleHQtc2hhZG93IjtzOjQ6Im5vbmUiO31zOjE2OiJiYWNrZ3JvdW5kX2NvbG9yIjthOjI6e3M6NjoiY29sb3IxIjtzOjc6IiNmZmRlMjEiO3M6NjoiY29sb3IyIjtzOjc6IiNmZmNjMDAiO31zOjY6ImNvcm5lciI7czoxOiIwIjtzOjE0OiJoZWlnaHRfcGFkZGluZyI7czozOiIwLjUiO3M6MTM6IndpZHRoX3BhZGRpbmciO3M6MzoiMS4yIjtzOjEyOiJib3JkZXItY29sb3IiO3M6MDoiIjtzOjEyOiJob3Zlcl9lZmZlY3QiO3M6NzoibGlnaHRlciI7czoxMToiaG92ZXJfY29sb3IiO2E6Mjp7czo2OiJjb2xvcjEiO3M6MDoiIjtzOjY6ImNvbG9yMiI7czowOiIiO31zOjE2OiJob3Zlcl9mb250X2NvbG9yIjtzOjA6IiI7czoxODoiYm9yZGVyX2hvdmVyLWNvbG9yIjtzOjA6IiI7fXM6NDoibXczMCI7czoxOiIxIjtzOjc6ImNvbnRlbnQiO3M6MTU6IktvbnRha3R1amUgbsOhcyI7czoxMjoiYnV0dG9uX3N0eWxlIjthOjQ6e3M6NToic3R5bGUiO3M6MTM6ImN1c3RvbV9idXR0b24iO3M6MTE6ImJ1dHRvbl9zaXplIjtzOjY6ImN1c3RvbSI7czoxMToiY3VzdG9tX3NpemUiO3M6MjoiMzAiO3M6MTQ6ImN1c3RvbV9zZXR0aW5nIjthOjEzOntzOjU6InN0eWxlIjtzOjE6IjEiO3M6MTY6ImJhY2tncm91bmRfY29sb3IiO2E6Nzp7czo2OiJjb2xvcjEiO3M6NzoiIzAwOWZkZiI7czo2OiJjb2xvcjIiO3M6NzoiIzAwOWZkZiI7czoxMzoidHJhbnNwYXJlbmN5MSI7aToxO3M6NToicmdiYTEiO3M6MjA6InJnYmEoMCwgMTU5LCAyMjMsIDEpIjtzOjEzOiJ0cmFuc3BhcmVuY3kyIjtpOjE7czo1OiJyZ2JhMiI7czoyMDoicmdiYSgwLCAxNTksIDIyMywgMSkiO3M6ODoiZ3JhZGllbnQiO3M6MToiMSI7fXM6NDoiZm9udCI7YToyOntzOjExOiJmb250LWZhbWlseSI7czowOiIiO3M6Njoid2VpZ2h0IjtzOjA6IiI7fXM6MTA6ImZvbnQtY29sb3IiO3M6NzoiI2ZmZmZmZiI7czo2OiJjb3JuZXIiO3M6MjoiMTAiO3M6MTE6ImNvcm5lcl9zaXplIjtzOjI6IjEwIjtzOjE0OiJoZWlnaHRfcGFkZGluZyI7czozOiIwLjMiO3M6MTM6IndpZHRoX3BhZGRpbmciO3M6MzoiMS4xIjtzOjEyOiJib3JkZXItY29sb3IiO3M6MDoiIjtzOjEyOiJob3Zlcl9lZmZlY3QiO3M6NzoibGlnaHRlciI7czoxMToiaG92ZXJfY29sb3IiO2E6Njp7czo2OiJjb2xvcjEiO3M6MDoiIjtzOjY6ImNvbG9yMiI7czowOiIiO3M6MTM6InRyYW5zcGFyZW5jeTEiO2k6MTtzOjU6InJnYmExIjtzOjA6IiI7czoxMzoidHJhbnNwYXJlbmN5MiI7aToxO3M6NToicmdiYTIiO3M6MDoiIjt9czoxNjoiaG92ZXJfZm9udF9jb2xvciI7czowOiIiO3M6MTg6ImJvcmRlcl9ob3Zlci1jb2xvciI7czowOiIiO319czoxMzoiYnV0dG9uX3N0eWxlMiI7YTo0OntzOjU6InN0eWxlIjtzOjEzOiJjdXN0b21fYnV0dG9uIjtzOjExOiJidXR0b25fc2l6ZSI7czo2OiJjdXN0b20iO3M6MTE6ImN1c3RvbV9zaXplIjtzOjI6IjMwIjtzOjE0OiJjdXN0b21fc2V0dGluZyI7YToxMzp7czo1OiJzdHlsZSI7czoxOiIxIjtzOjE2OiJiYWNrZ3JvdW5kX2NvbG9yIjthOjc6e3M6NjoiY29sb3IxIjtzOjc6IiNmZmRlMjEiO3M6NjoiY29sb3IyIjtzOjc6IiNmZmNjMDAiO3M6MTM6InRyYW5zcGFyZW5jeTEiO2k6MTtzOjU6InJnYmExIjtzOjIxOiJyZ2JhKDI1NSwgMjIyLCAzMywgMSkiO3M6MTM6InRyYW5zcGFyZW5jeTIiO2k6MTtzOjU6InJnYmEyIjtzOjIwOiJyZ2JhKDI1NSwgMjA0LCAwLCAxKSI7czo4OiJncmFkaWVudCI7czoxOiIxIjt9czo0OiJmb250IjthOjI6e3M6MTE6ImZvbnQtZmFtaWx5IjtzOjA6IiI7czo2OiJ3ZWlnaHQiO3M6MDoiIjt9czoxMDoiZm9udC1jb2xvciI7czo3OiIjMmIyYjJiIjtzOjY6ImNvcm5lciI7czoxOiIwIjtzOjExOiJjb3JuZXJfc2l6ZSI7czoxOiIwIjtzOjE0OiJoZWlnaHRfcGFkZGluZyI7czozOiIwLjUiO3M6MTM6IndpZHRoX3BhZGRpbmciO3M6MzoiMS4yIjtzOjEyOiJib3JkZXItY29sb3IiO3M6MDoiIjtzOjEyOiJob3Zlcl9lZmZlY3QiO3M6NzoibGlnaHRlciI7czoxMToiaG92ZXJfY29sb3IiO2E6Njp7czo2OiJjb2xvcjEiO3M6MDoiIjtzOjY6ImNvbG9yMiI7czowOiIiO3M6MTM6InRyYW5zcGFyZW5jeTEiO2k6MTtzOjU6InJnYmExIjtzOjA6IiI7czoxMzoidHJhbnNwYXJlbmN5MiI7aToxO3M6NToicmdiYTIiO3M6MDoiIjt9czoxNjoiaG92ZXJfZm9udF9jb2xvciI7czowOiIiO3M6MTg6ImJvcmRlcl9ob3Zlci1jb2xvciI7czowOiIiO319fXM6NjoiY29uZmlnIjthOjE6e3M6MTM6Im1hcmdpbl9ib3R0b20iO3M6MDoiIjt9fX19fXM6NDoidHlwZSI7czo1OiJiYXNpYyI7fWk6MTthOjQ6e3M6NToiY2xhc3MiO3M6MDoiIjtzOjU6InN0eWxlIjthOjI0OntzOjE2OiJiYWNrZ3JvdW5kX2NvbG9yIjthOjc6e3M6NjoiY29sb3IxIjtzOjc6IiMwMDlmZGYiO3M6NjoiY29sb3IyIjtzOjc6IiMwMDlmZGYiO3M6MTM6InRyYW5zcGFyZW5jeTEiO2k6MTtzOjU6InJnYmExIjtzOjIwOiJyZ2JhKDAsIDE1OSwgMjIzLCAxKSI7czoxMzoidHJhbnNwYXJlbmN5MiI7aToxO3M6NToicmdiYTIiO3M6MjA6InJnYmEoMCwgMTU5LCAyMjMsIDEpIjtzOjg6ImdyYWRpZW50IjtzOjE6IjEiO31zOjE2OiJiYWNrZ3JvdW5kX2ltYWdlIjthOjc6e3M6MTM6Im92ZXJsYXlfY29sb3IiO2E6Mzp7czo1OiJjb2xvciI7czo3OiIjMTU4ZWJmIjtzOjEyOiJ0cmFuc3BhcmVuY3kiO2Q6MC44O3M6NDoicmdiYSI7czoyMzoicmdiYSgyMSwgMTQyLCAxOTEsIDAuOCkiO31zOjg6InBvc2l0aW9uIjtzOjc6IjUwJSA1MCUiO3M6NjoicmVwZWF0IjtzOjk6Im5vLXJlcGVhdCI7czo1OiJpbWFnZSI7czowOiIiO3M6NzoiaW1hZ2VpZCI7czowOiIiO3M6NzoicGF0dGVybiI7czowOiIiO3M6NToiZWZlY3QiO3M6MDoiIjt9czo0OiJmb250IjthOjQ6e3M6OToiZm9udC1zaXplIjtzOjA6IiI7czoxMToiZm9udC1mYW1pbHkiO3M6MDoiIjtzOjY6IndlaWdodCI7czowOiIiO3M6NToiY29sb3IiO3M6MDoiIjt9czoxMDoibGlua19jb2xvciI7czowOiIiO3M6NDoidHlwZSI7czo1OiJiYXNpYyI7czoxMToicGFkZGluZ190b3AiO3M6MjoiNTAiO3M6MTQ6InBhZGRpbmdfYm90dG9tIjtzOjI6IjUwIjtzOjEyOiJwYWRkaW5nX2xlZnQiO2E6Mjp7czo0OiJzaXplIjtzOjA6IiI7czo0OiJ1bml0IjtzOjI6InB4Ijt9czoxMzoicGFkZGluZ19yaWdodCI7YToyOntzOjQ6InNpemUiO3M6MDoiIjtzOjQ6InVuaXQiO3M6MjoicHgiO31zOjg6Im1hcmdpbl90IjthOjE6e3M6NDoic2l6ZSI7czowOiIiO31zOjg6Im1hcmdpbl9iIjthOjE6e3M6NDoic2l6ZSI7czowOiIiO31zOjEwOiJib3JkZXItdG9wIjthOjM6e3M6NDoic2l6ZSI7czoxOiIwIjtzOjU6InN0eWxlIjtzOjU6InNvbGlkIjtzOjU6ImNvbG9yIjtzOjA6IiI7fXM6MTM6ImJvcmRlci1ib3R0b20iO2E6Mzp7czo0OiJzaXplIjtzOjE6IjAiO3M6NToic3R5bGUiO3M6NToic29saWQiO3M6NToiY29sb3IiO3M6MDoiIjt9czoxMDoibWluLWhlaWdodCI7czowOiIiO3M6MTQ6ImhlaWdodF9zZXR0aW5nIjthOjE6e3M6ODoiaXNfc2F2ZWQiO3M6MToiMSI7fXM6OToiY3NzX2NsYXNzIjtzOjA6IiI7czo1OiJkZWxheSI7czowOiIiO3M6MTA6InZpZGVvX3R5cGUiO3M6NjoiY3VzdG9tIjtzOjEzOiJjb250ZW50X2FsaWduIjtzOjM6InRvcCI7czoxMDoicm93X2hlaWdodCI7czowOiIiO3M6NDoidGV4dCI7czo0OiJhdXRvIjtzOjExOiJyb3dfcGFkZGluZyI7czo2OiJjdXN0b20iO3M6MTA6Im1hcmdpbl90b3AiO3M6MDoiIjtzOjEzOiJtYXJnaW5fYm90dG9tIjtzOjA6IiI7fXM6NzoiY29udGVudCI7YToxOntpOjA7YTozOntzOjQ6InR5cGUiO3M6NzoiY29sLW9uZSI7czo1OiJjbGFzcyI7czowOiIiO3M6NzoiY29udGVudCI7YToyOntpOjA7YTozOntzOjQ6InR5cGUiO3M6NToidGl0bGUiO3M6NToic3R5bGUiO2E6Nzp7czo0OiJmb250IjthOjY6e3M6OToiZm9udC1zaXplIjtzOjI6IjMwIjtzOjExOiJmb250LWZhbWlseSI7czowOiIiO3M6Njoid2VpZ2h0IjtzOjA6IiI7czoxMToibGluZS1oZWlnaHQiO3M6MzoiMS4yIjtzOjU6ImNvbG9yIjtzOjc6IiNmZmZmZmYiO3M6MTE6InRleHQtc2hhZG93IjtzOjQ6Im5vbmUiO31zOjU6InN0eWxlIjtzOjE6IjEiO3M6NjoiYm9yZGVyIjthOjI6e3M6NDoic2l6ZSI7czoxOiIxIjtzOjU6ImNvbG9yIjtzOjc6IiNkNWQ1ZDUiO31zOjE2OiJiYWNrZ3JvdW5kLWNvbG9yIjthOjM6e3M6NjoiY29sb3IxIjtzOjc6IiNlOGU4ZTgiO3M6MTM6InRyYW5zcGFyZW5jeTEiO3M6MToiMSI7czo1OiJyZ2JhMSI7czoxOToicmdiYSgyMzIsMjMyLDIzMiwxKSI7fXM6NToiYWxpZ24iO3M6NjoiY2VudGVyIjtzOjQ6Im13MzAiO3M6MToiMSI7czo3OiJjb250ZW50IjtzOjUxOiI8cCBzdHlsZT1cInRleHQtYWxpZ246IGNlbnRlcjtcIj5DbyBuYWLDrXrDrW1lPzwvcD4iO31zOjY6ImNvbmZpZyI7YToxOntzOjEzOiJtYXJnaW5fYm90dG9tIjtzOjI6IjIwIjt9fWk6MTthOjM6e3M6NDoidHlwZSI7czo4OiJmZWF0dXJlcyI7czo1OiJzdHlsZSI7YToxMTp7czo4OiJmZWF0dXJlcyI7YTo1OntpOjA7YTo1OntzOjQ6Imljb24iO2E6Njp7czo0OiJpY29uIjtzOjQ6ImRvY3MiO3M6NDoic2l6ZSI7czoyOiIzMCI7czo1OiJjb2xvciI7czo3OiIjZmZmZmZmIjtzOjU6ImltYWdlIjthOjI6e3M6NToiaW1hZ2UiO3M6MDoiIjtzOjc6ImltYWdlaWQiO3M6MDoiIjt9czozOiJ0YWIiO3M6NDoiaWNvbiI7czo4OiJpY29uX3NldCI7czo3OiJhd2Vzb21lIjt9czo1OiJ0aXRsZSI7czoyNDoiUHJvamVrdG92w6EgZG9rdW1lbnRhY2UgIjtzOjQ6InRleHQiO3M6MDoiIjtzOjExOiJidXR0b25fdGV4dCI7czoyMDoiVsOtY2UgaW5mb3JtYWPDrSDihpIiO3M6NDoibGluayI7YToyOntzOjQ6InBhZ2UiO3M6MDoiIjtzOjQ6ImxpbmsiO3M6MDoiIjt9fWk6MTthOjU6e3M6NDoiaWNvbiI7YTo2OntzOjQ6Imljb24iO3M6NjoiYXR0YWNoIjtzOjQ6InNpemUiO3M6MjoiMzAiO3M6NToiY29sb3IiO3M6NzoiI2ZmZmZmZiI7czo1OiJpbWFnZSI7YToyOntzOjU6ImltYWdlIjtzOjA6IiI7czo3OiJpbWFnZWlkIjtzOjA6IiI7fXM6MzoidGFiIjtzOjQ6Imljb24iO3M6ODoiaWNvbl9zZXQiO3M6ODoibGluZWNvbnMiO31zOjU6InRpdGxlIjtzOjMwOiJFeHBlcnRpenksIHBvc3Vka3ksIGtvbnp1bHRhY2UiO3M6NDoidGV4dCI7czowOiIiO3M6MTE6ImJ1dHRvbl90ZXh0IjtzOjIwOiJWw61jZSBpbmZvcm1hY8OtIOKGkiI7czo0OiJsaW5rIjthOjI6e3M6NDoicGFnZSI7czowOiIiO3M6NDoibGluayI7czowOiIiO319aToyO2E6NTp7czo0OiJpY29uIjthOjY6e3M6NDoiaWNvbiI7czo3OiJ1c2Vycy0xIjtzOjQ6InNpemUiO3M6MjoiMzAiO3M6NToiY29sb3IiO3M6NzoiI2ZmZmZmZiI7czo1OiJpbWFnZSI7YToyOntzOjU6ImltYWdlIjtzOjA6IiI7czo3OiJpbWFnZWlkIjtzOjA6IiI7fXM6MzoidGFiIjtzOjQ6Imljb24iO3M6ODoiaWNvbl9zZXQiO3M6NzoiYXdlc29tZSI7fXM6NToidGl0bGUiO3M6Mjg6IlRlY2huaWNrw70gZG96b3Igc3RhdmVibsOta2EiO3M6NDoidGV4dCI7czowOiIiO3M6MTE6ImJ1dHRvbl90ZXh0IjtzOjIwOiJWw61jZSBpbmZvcm1hY8OtIOKGkiI7czo0OiJsaW5rIjthOjI6e3M6NDoicGFnZSI7czowOiIiO3M6NDoibGluayI7czowOiIiO319aTozO2E6NTp7czo0OiJpY29uIjthOjY6e3M6NDoiaWNvbiI7czo5OiJicmllZmNhc2UiO3M6NDoic2l6ZSI7czoyOiIzMCI7czo1OiJjb2xvciI7czo3OiIjZmZmZmZmIjtzOjU6ImltYWdlIjthOjI6e3M6NToiaW1hZ2UiO3M6MDoiIjtzOjc6ImltYWdlaWQiO3M6MDoiIjt9czozOiJ0YWIiO3M6NDoiaWNvbiI7czo4OiJpY29uX3NldCI7czo3OiJhd2Vzb21lIjt9czo1OiJ0aXRsZSI7czoxODoiU291ZG7DrSB6bmFsZWN0dsOtIjtzOjQ6InRleHQiO3M6MDoiIjtzOjExOiJidXR0b25fdGV4dCI7czoyMDoiVsOtY2UgaW5mb3JtYWPDrSDihpIiO3M6NDoibGluayI7YToyOntzOjQ6InBhZ2UiO3M6MDoiIjtzOjQ6ImxpbmsiO3M6MDoiIjt9fWk6NDthOjU6e3M6NDoiaWNvbiI7YTo2OntzOjQ6Imljb24iO3M6MzoiY29nIjtzOjQ6InNpemUiO3M6MjoiMzAiO3M6NToiY29sb3IiO3M6NzoiI2ZmZmZmZiI7czo1OiJpbWFnZSI7YToyOntzOjU6ImltYWdlIjtzOjA6IiI7czo3OiJpbWFnZWlkIjtzOjA6IiI7fXM6MzoidGFiIjtzOjQ6Imljb24iO3M6ODoiaWNvbl9zZXQiO3M6NzoiYXdlc29tZSI7fXM6NToidGl0bGUiO3M6NDc6IlByb3Zvem92w6Fuw60gdm9kb2hvc3BvZMOhxZlza8OpIGluZnJhc3RydWt0dXJ5IjtzOjQ6InRleHQiO3M6MDoiIjtzOjExOiJidXR0b25fdGV4dCI7czoyMDoiVsOtY2UgaW5mb3JtYWPDrSDihpIiO3M6NDoibGluayI7YToyOntzOjQ6InBhZ2UiO3M6MDoiIjtzOjQ6ImxpbmsiO3M6MDoiIjt9fX1zOjQ6ImNvbHMiO3M6NDoiZml2ZSI7czo1OiJzdHlsZSI7czoxOiIxIjtzOjE2OiJiYWNrZ3JvdW5kLWNvbG9yIjtzOjc6IiNmZmZmZmYiO3M6NDoiZm9udCI7YTozOntzOjg6InVzZS1mb250IjtzOjU6InRpdGxlIjtzOjk6ImZvbnQtc2l6ZSI7czoyOiIxOCI7czo1OiJjb2xvciI7czo3OiIjZmZmZmZmIjt9czo5OiJmb250X3RleHQiO2E6Mzp7czo4OiJ1c2UtZm9udCI7czo0OiJ0ZXh0IjtzOjk6ImZvbnQtc2l6ZSI7czowOiIiO3M6NToiY29sb3IiO3M6NzoiI2ZmZmZmZiI7fXM6NjoiYnV0dG9uIjthOjQ6e3M6NToic3R5bGUiO3M6MTM6ImN1c3RvbV9idXR0b24iO3M6MTE6ImJ1dHRvbl9zaXplIjtzOjY6ImN1c3RvbSI7czoxMToiY3VzdG9tX3NpemUiO3M6MjoiMTMiO3M6MTQ6ImN1c3RvbV9zZXR0aW5nIjthOjEzOntzOjU6InN0eWxlIjtzOjE6IjIiO3M6MTY6ImJhY2tncm91bmRfY29sb3IiO2E6Njp7czo2OiJjb2xvcjEiO3M6MDoiIjtzOjY6ImNvbG9yMiI7czowOiIiO3M6MTM6InRyYW5zcGFyZW5jeTEiO2k6MTtzOjU6InJnYmExIjtzOjA6IiI7czoxMzoidHJhbnNwYXJlbmN5MiI7aToxO3M6NToicmdiYTIiO3M6MDoiIjt9czo0OiJmb250IjthOjI6e3M6MTE6ImZvbnQtZmFtaWx5IjtzOjA6IiI7czo2OiJ3ZWlnaHQiO3M6MDoiIjt9czoxMDoiZm9udC1jb2xvciI7czo3OiIjNzM3MzczIjtzOjY6ImNvcm5lciI7czoyOiI5MCI7czoxMToiY29ybmVyX3NpemUiO3M6MjoiOTAiO3M6MTQ6ImhlaWdodF9wYWRkaW5nIjtzOjM6IjAuNSI7czoxMzoid2lkdGhfcGFkZGluZyI7czozOiIxLjIiO3M6MTI6ImJvcmRlci1jb2xvciI7czo3OiIjYmRiZGJkIjtzOjEyOiJob3Zlcl9lZmZlY3QiO3M6NzoibGlnaHRlciI7czoxMToiaG92ZXJfY29sb3IiO2E6Nzp7czo2OiJjb2xvcjEiO3M6MDoiIjtzOjY6ImNvbG9yMiI7czo3OiIjZWJlYmViIjtzOjEzOiJ0cmFuc3BhcmVuY3kxIjtpOjE7czo1OiJyZ2JhMSI7czowOiIiO3M6MTM6InRyYW5zcGFyZW5jeTIiO2k6MTtzOjU6InJnYmEyIjtzOjIyOiJyZ2JhKDIzNSwgMjM1LCAyMzUsIDEpIjtzOjg6ImdyYWRpZW50IjtzOjE6IjEiO31zOjE2OiJob3Zlcl9mb250X2NvbG9yIjtzOjA6IiI7czoxODoiYm9yZGVyX2hvdmVyLWNvbG9yIjtzOjA6IiI7fX1zOjQ6Im13MzAiO3M6MToiMSI7czo3OiJjb250ZW50IjtzOjA6IiI7czo5OiJpY29uX3NpemUiO3M6MjoiMzAiO3M6MTA6Imljb25fc3R5bGUiO3M6MToiMSI7fXM6NjoiY29uZmlnIjthOjE6e3M6MTM6Im1hcmdpbl9ib3R0b20iO3M6MDoiIjt9fX19fXM6NDoidHlwZSI7czo1OiJiYXNpYyI7fWk6MjthOjQ6e3M6NToiY2xhc3MiO3M6MDoiIjtzOjU6InN0eWxlIjthOjI0OntzOjE2OiJiYWNrZ3JvdW5kX2NvbG9yIjthOjY6e3M6NjoiY29sb3IxIjtzOjc6IiNmZmZmZmYiO3M6NjoiY29sb3IyIjtzOjA6IiI7czoxMzoidHJhbnNwYXJlbmN5MSI7aToxO3M6NToicmdiYTEiO3M6MjI6InJnYmEoMjU1LCAyNTUsIDI1NSwgMSkiO3M6MTM6InRyYW5zcGFyZW5jeTIiO2k6MTtzOjU6InJnYmEyIjtzOjA6IiI7fXM6MTY6ImJhY2tncm91bmRfaW1hZ2UiO2E6Nzp7czoxMzoib3ZlcmxheV9jb2xvciI7YTozOntzOjU6ImNvbG9yIjtzOjc6IiMxNThlYmYiO3M6MTI6InRyYW5zcGFyZW5jeSI7ZDowLjg7czo0OiJyZ2JhIjtzOjIzOiJyZ2JhKDIxLCAxNDIsIDE5MSwgMC44KSI7fXM6ODoicG9zaXRpb24iO3M6NzoiNTAlIDUwJSI7czo2OiJyZXBlYXQiO3M6OToibm8tcmVwZWF0IjtzOjU6ImltYWdlIjtzOjA6IiI7czo3OiJpbWFnZWlkIjtzOjA6IiI7czo3OiJwYXR0ZXJuIjtzOjA6IiI7czo1OiJlZmVjdCI7czowOiIiO31zOjQ6ImZvbnQiO2E6NDp7czo5OiJmb250LXNpemUiO3M6MDoiIjtzOjExOiJmb250LWZhbWlseSI7czowOiIiO3M6Njoid2VpZ2h0IjtzOjA6IiI7czo1OiJjb2xvciI7czowOiIiO31zOjEwOiJsaW5rX2NvbG9yIjtzOjA6IiI7czo0OiJ0eXBlIjtzOjU6ImJhc2ljIjtzOjExOiJwYWRkaW5nX3RvcCI7czoyOiIyMCI7czoxNDoicGFkZGluZ19ib3R0b20iO3M6MjoiMjAiO3M6MTI6InBhZGRpbmdfbGVmdCI7YToyOntzOjQ6InNpemUiO3M6MDoiIjtzOjQ6InVuaXQiO3M6MjoicHgiO31zOjEzOiJwYWRkaW5nX3JpZ2h0IjthOjI6e3M6NDoic2l6ZSI7czowOiIiO3M6NDoidW5pdCI7czoyOiJweCI7fXM6ODoibWFyZ2luX3QiO2E6MTp7czo0OiJzaXplIjtzOjA6IiI7fXM6ODoibWFyZ2luX2IiO2E6MTp7czo0OiJzaXplIjtzOjA6IiI7fXM6MTA6ImJvcmRlci10b3AiO2E6Mzp7czo0OiJzaXplIjtzOjE6IjIiO3M6NToic3R5bGUiO3M6NToic29saWQiO3M6NToiY29sb3IiO3M6NzoiIzAwOWZkZiI7fXM6MTM6ImJvcmRlci1ib3R0b20iO2E6Mzp7czo0OiJzaXplIjtzOjE6IjAiO3M6NToic3R5bGUiO3M6NToic29saWQiO3M6NToiY29sb3IiO3M6MDoiIjt9czoxMDoibWluLWhlaWdodCI7czowOiIiO3M6MTQ6ImhlaWdodF9zZXR0aW5nIjthOjE6e3M6ODoiaXNfc2F2ZWQiO3M6MToiMSI7fXM6OToiY3NzX2NsYXNzIjtzOjA6IiI7czo1OiJkZWxheSI7czowOiIiO3M6MTA6InZpZGVvX3R5cGUiO3M6NjoiY3VzdG9tIjtzOjEzOiJjb250ZW50X2FsaWduIjtzOjM6InRvcCI7czoxMDoicm93X2hlaWdodCI7czowOiIiO3M6NDoidGV4dCI7czo0OiJhdXRvIjtzOjExOiJyb3dfcGFkZGluZyI7czo2OiJjdXN0b20iO3M6MTA6Im1hcmdpbl90b3AiO3M6MDoiIjtzOjEzOiJtYXJnaW5fYm90dG9tIjtzOjA6IiI7fXM6NzoiY29udGVudCI7YToxOntpOjA7YTozOntzOjQ6InR5cGUiO3M6NzoiY29sLW9uZSI7czo1OiJjbGFzcyI7czowOiIiO3M6NzoiY29udGVudCI7YToxOntpOjA7YTozOntzOjQ6InR5cGUiO3M6NDoidGV4dCI7czo1OiJzdHlsZSI7YTo2OntzOjQ6ImZvbnQiO2E6NTp7czo5OiJmb250LXNpemUiO3M6MDoiIjtzOjExOiJmb250LWZhbWlseSI7czowOiIiO3M6Njoid2VpZ2h0IjtzOjA6IiI7czoxMToibGluZS1oZWlnaHQiO3M6MDoiIjtzOjU6ImNvbG9yIjtzOjc6IiMwMDJmNmMiO31zOjI6ImxpIjtzOjA6IiI7czo1OiJzdHlsZSI7czoxOiIxIjtzOjE4OiJwLWJhY2tncm91bmQtY29sb3IiO2E6Mzp7czo2OiJjb2xvcjEiO3M6NzoiI2U4ZThlOCI7czoxMzoidHJhbnNwYXJlbmN5MSI7czoxOiIxIjtzOjU6InJnYmExIjtzOjE5OiJyZ2JhKDIzMiwyMzIsMjMyLDEpIjt9czo0OiJtdzMwIjtzOjE6IjEiO3M6NzoiY29udGVudCI7czo3NjoiPGgzIHN0eWxlPSJ0ZXh0LWFsaWduOiBjZW50ZXI7Ij5WSFMgUFJPSkVLVCwgcy5yLm8uIGppxb4gMTggbGV0IHMgVsOhbWk8L2gzPiI7fXM6NjoiY29uZmlnIjthOjc6e3M6OToibWF4X3dpZHRoIjtzOjA6IiI7czoxMDoibWFyZ2luX3RvcCI7czoxOiIwIjtzOjEzOiJtYXJnaW5fYm90dG9tIjtzOjE6IjAiO3M6NToiZGVsYXkiO3M6MDoiIjtzOjc6ImFuaW1hdGUiO3M6MDoiIjtzOjI6ImlkIjtzOjA6IiI7czo1OiJjbGFzcyI7czowOiIiO319fX19czo0OiJ0eXBlIjtzOjU6ImJhc2ljIjt9fQ==<\/p>\n","protected":false},"excerpt":{"rendered":"<p>VHS PROJEKT &#8211; Jsme projek\u010dn\u00ed a&nbsp;konzulta\u010dn\u00ed spole\u010dnost<\/p>\n","protected":false},"author":1,"featured_media":0,"parent":0,"menu_order":0,"comment_status":"closed","ping_status":"closed","template":"","meta":{"footnotes":""},"class_list":["post-33","page","type-page","status-publish","hentry"],"_links":{"self":[{"href":"https:\/\/www.vhsprojekt.cz\/index.php\/wp-json\/wp\/v2\/pages\/33","targetHints":{"allow":["GET"]}}],"collection":[{"href":"https:\/\/www.vhsprojekt.cz\/index.php\/wp-json\/wp\/v2\/pages"}],"about":[{"href":"https:\/\/www.vhsprojekt.cz\/index.php\/wp-json\/wp\/v2\/types\/page"}],"author":[{"embeddable":true,"href":"https:\/\/www.vhsprojekt.cz\/index.php\/wp-json\/wp\/v2\/users\/1"}],"replies":[{"embeddable":true,"href":"https:\/\/www.vhsprojekt.cz\/index.php\/wp-json\/wp\/v2\/comments?post=33"}],"version-history":[{"count":12,"href":"https:\/\/www.vhsprojekt.cz\/index.php\/wp-json\/wp\/v2\/pages\/33\/revisions"}],"predecessor-version":[{"id":442,"href":"https:\/\/www.vhsprojekt.cz\/index.php\/wp-json\/wp\/v2\/pages\/33\/revisions\/442"}],"wp:attachment":[{"href":"https:\/\/www.vhsprojekt.cz\/index.php\/wp-json\/wp\/v2\/media?parent=33"}],"curies":[{"name":"wp","href":"https:\/\/api.w.org\/{rel}","templated":true}]}}