{"id":280,"date":"2017-08-09T20:07:53","date_gmt":"2017-08-09T20:07:53","guid":{"rendered":"http:\/\/www.vhsprojekt.cz\/index.php\/fotogalerie-5\/"},"modified":"2017-08-11T20:01:13","modified_gmt":"2017-08-11T20:01:13","slug":"fotogalerie-5","status":"publish","type":"page","link":"https:\/\/www.vhsprojekt.cz\/index.php\/fotogalerie-5\/","title":{"rendered":"Fotogalerie_Kanalizace a&nbsp;\u010cOV D\u0159\u00ednov (620 EO)"},"content":{"rendered":"<p>YToyOntpOjA7YTozOntzOjU6ImNsYXNzIjtzOjA6IiI7czo1OiJzdHlsZSI7YToxNzp7czoxNjoiYmFja2dyb3VuZF9jb2xvciI7YTozOntzOjY6ImNvbG9yMSI7czo3OiIjMDA5ZmRmIjtzOjY6ImNvbG9yMiI7czowOiIiO3M6MTI6InRyYW5zcGFyZW5jeSI7czozOiIxMDAiO31zOjE2OiJiYWNrZ3JvdW5kX2ltYWdlIjthOjc6e3M6MTM6Im92ZXJsYXlfY29sb3IiO3M6NzoiIzE1OGViZiI7czoyMDoib3ZlcmxheV90cmFuc3BhcmVuY3kiO3M6MjoiODAiO3M6ODoicG9zaXRpb24iO3M6MTM6ImNlbnRlciBjZW50ZXIiO3M6NjoicmVwZWF0IjtzOjk6Im5vLXJlcGVhdCI7czo1OiJpbWFnZSI7czo0MDoiL3dwLWNvbnRlbnQvdXBsb2Fkcy8yMDE3LzA4L3BvemFkaV8yLnBuZyI7czo3OiJpbWFnZWlkIjtzOjA6IiI7czo3OiJwYXR0ZXJuIjtzOjA6IiI7fXM6NDoiZm9udCI7YTo0OntzOjk6ImZvbnQtc2l6ZSI7czowOiIiO3M6MTE6ImZvbnQtZmFtaWx5IjtzOjA6IiI7czo2OiJ3ZWlnaHQiO3M6MDoiIjtzOjU6ImNvbG9yIjtzOjc6IiNmZmZmZmYiO31zOjEwOiJsaW5rX2NvbG9yIjtzOjc6IiNmZmZmZmYiO3M6NDoidHlwZSI7czo1OiJiYXNpYyI7czoxMToicGFkZGluZ190b3AiO3M6MjoiNDAiO3M6MTQ6InBhZGRpbmdfYm90dG9tIjtzOjI6IjMwIjtzOjEyOiJwYWRkaW5nX2xlZnQiO2E6Mjp7czo0OiJzaXplIjtzOjA6IiI7czo0OiJ1bml0IjtzOjI6InB4Ijt9czoxMzoicGFkZGluZ19yaWdodCI7YToyOntzOjQ6InNpemUiO3M6MDoiIjtzOjQ6InVuaXQiO3M6MjoicHgiO31zOjg6Im1hcmdpbl90IjthOjE6e3M6NDoic2l6ZSI7czowOiIiO31zOjg6Im1hcmdpbl9iIjthOjE6e3M6NDoic2l6ZSI7czowOiIiO31zOjEwOiJib3JkZXItdG9wIjthOjM6e3M6NDoic2l6ZSI7czoxOiIwIjtzOjU6InN0eWxlIjtzOjU6InNvbGlkIjtzOjU6ImNvbG9yIjtzOjc6IiMwMDlmZGYiO31zOjEzOiJib3JkZXItYm90dG9tIjthOjM6e3M6NDoic2l6ZSI7czoxOiIwIjtzOjU6InN0eWxlIjtzOjU6InNvbGlkIjtzOjU6ImNvbG9yIjtzOjA6IiI7fXM6MTA6Im1pbi1oZWlnaHQiO3M6MDoiIjtzOjE0OiJoZWlnaHRfc2V0dGluZyI7YToxOntzOjg6ImlzX3NhdmVkIjtzOjE6IjEiO31zOjk6ImNzc19jbGFzcyI7czowOiIiO3M6NToiZGVsYXkiO3M6MDoiIjt9czo3OiJjb250ZW50IjthOjE6e2k6MDthOjM6e3M6NDoidHlwZSI7czo3OiJjb2wtb25lIjtzOjU6ImNsYXNzIjtzOjA6IiI7czo3OiJjb250ZW50IjthOjI6e2k6MDthOjQ6e3M6NDoidHlwZSI7czo1OiJ0aXRsZSI7czo3OiJjb250ZW50IjtzOjUwOiI8aDEgc3R5bGU9XCJ0ZXh0LWFsaWduOiBjZW50ZXI7XCI+Rm90b2dhbGVyaWU8L2gxPiI7czo1OiJzdHlsZSI7YTo1OntzOjQ6ImZvbnQiO2E6Njp7czo5OiJmb250LXNpemUiO3M6MjoiNTAiO3M6MTE6ImZvbnQtZmFtaWx5IjtzOjA6IiI7czo2OiJ3ZWlnaHQiO3M6MDoiIjtzOjExOiJsaW5lLWhlaWdodCI7czozOiIxLjIiO3M6NToiY29sb3IiO3M6NzoiIzAwMmY2YyI7czoxMToidGV4dC1zaGFkb3ciO3M6NDoibm9uZSI7fXM6NToic3R5bGUiO3M6MToiMSI7czo2OiJib3JkZXIiO2E6Mjp7czo0OiJzaXplIjtzOjE6IjEiO3M6NToiY29sb3IiO3M6NzoiI2Q1ZDVkNSI7fXM6MTY6ImJhY2tncm91bmQtY29sb3IiO2E6Mzp7czo2OiJjb2xvcjEiO3M6NzoiI2VmZWZlZiI7czo2OiJjb2xvcjIiO3M6MDoiIjtzOjEyOiJ0cmFuc3BhcmVuY3kiO3M6MzoiMTAwIjt9czo1OiJhbGlnbiI7czo2OiJjZW50ZXIiO31zOjY6ImNvbmZpZyI7YTo3OntzOjk6Im1heF93aWR0aCI7czowOiIiO3M6MTA6Im1hcmdpbl90b3AiO3M6MToiMCI7czoxMzoibWFyZ2luX2JvdHRvbSI7czoxOiI1IjtzOjU6ImRlbGF5IjtzOjA6IiI7czo3OiJhbmltYXRlIjtzOjA6IiI7czoyOiJpZCI7czowOiIiO3M6NToiY2xhc3MiO3M6MDoiIjt9fWk6MTthOjM6e3M6NDoidHlwZSI7czo0OiJ0ZXh0IjtzOjc6ImNvbnRlbnQiO3M6NzI6IjxwIHN0eWxlPVwidGV4dC1hbGlnbjogY2VudGVyO1wiPkthbmFsaXphY2UgYSDEjE9WIETFmcOtbm92ICg2MjAgRU8pPC9wPiI7czo1OiJzdHlsZSI7YTo0OntzOjQ6ImZvbnQiO2E6NTp7czo5OiJmb250LXNpemUiO3M6MDoiIjtzOjExOiJmb250LWZhbWlseSI7czowOiIiO3M6Njoid2VpZ2h0IjtzOjA6IiI7czoxMToibGluZS1oZWlnaHQiO3M6MDoiIjtzOjU6ImNvbG9yIjtzOjc6IiMwMDJmNmMiO31zOjI6ImxpIjtzOjA6IiI7czo1OiJzdHlsZSI7czoxOiIxIjtzOjE4OiJwLWJhY2tncm91bmQtY29sb3IiO2E6Mzp7czo2OiJjb2xvcjEiO3M6NzoiI2U4ZThlOCI7czo2OiJjb2xvcjIiO3M6MDoiIjtzOjEyOiJ0cmFuc3BhcmVuY3kiO3M6MzoiMTAwIjt9fX19fX19aToxO2E6Mzp7czo1OiJjbGFzcyI7czowOiIiO3M6NToic3R5bGUiO2E6Mzp7czoxNjoiYmFja2dyb3VuZF9jb2xvciI7YTozOntzOjY6ImNvbG9yMSI7czo0OiIjZmZmIjtzOjY6ImNvbG9yMiI7czowOiIiO3M6MTI6InRyYW5zcGFyZW5jeSI7czozOiIxMDAiO31zOjEwOiJsaW5rX2NvbG9yIjtzOjA6IiI7czo0OiJmb250IjthOjQ6e3M6OToiZm9udC1zaXplIjtzOjA6IiI7czoxMToiZm9udC1mYW1pbHkiO3M6MDoiIjtzOjY6IndlaWdodCI7czowOiIiO3M6NToiY29sb3IiO3M6MDoiIjt9fXM6NzoiY29udGVudCI7YToxOntpOjA7YTozOntzOjQ6InR5cGUiO3M6NzoiY29sLW9uZSI7czo1OiJjbGFzcyI7czowOiIiO3M6NzoiY29udGVudCI7YToxOntpOjA7YTozOntzOjQ6InR5cGUiO3M6MTM6ImltYWdlX2dhbGxlcnkiO3M6NzoiY29udGVudCI7czowOiIiO3M6NToic3R5bGUiO2E6OTp7czoxOToiaW1hZ2VfZ2FsbGVyeV9pdGVtcyI7YTozNDp7aTowO3M6MzoiMTA5IjtpOjE7czozOiIxMTAiO2k6MjtzOjM6IjExMSI7aTozO3M6MzoiMTEyIjtpOjQ7czozOiIxMTMiO2k6NTtzOjM6IjExNCI7aTo2O3M6MzoiMTE1IjtpOjc7czozOiIxMTYiO2k6ODtzOjM6IjExOCI7aTo5O3M6MzoiMTM3IjtpOjEwO3M6MzoiMTM2IjtpOjExO3M6MzoiMTE5IjtpOjEyO3M6MzoiMTIwIjtpOjEzO3M6MzoiMzQ3IjtpOjE0O3M6MzoiMTIxIjtpOjE1O3M6MzoiMTE3IjtpOjE2O3M6MzoiMTIyIjtpOjE3O3M6MzoiMTI5IjtpOjE4O3M6MzoiMTIzIjtpOjE5O3M6MzoiMTI0IjtpOjIwO3M6MzoiMTI2IjtpOjIxO3M6MzoiMTI3IjtpOjIyO3M6MzoiMTI4IjtpOjIzO3M6MzoiMTMwIjtpOjI0O3M6MzoiMTMxIjtpOjI1O3M6MzoiMTMyIjtpOjI2O3M6MzoiMTMzIjtpOjI3O3M6MzoiMTM0IjtpOjI4O3M6MzoiMTM1IjtpOjI5O3M6MzoiMTM4IjtpOjMwO3M6MzoiMTM5IjtpOjMxO3M6MzoiMTQwIjtpOjMyO3M6MzoiMTA4IjtpOjMzO3M6MzoiMTQxIjt9czo0OiJjb2xzIjtzOjE6IjMiO3M6MTM6ImdhbGxlcnlfc3R5bGUiO3M6MTE6Im5vX2NhcHRpb25zIjtzOjEwOiJ0aHVtYl9uYW1lIjtzOjEyOiJtaW9fY29sdW1uc18iO3M6NDoiZm9udCI7YTo0OntzOjk6ImZvbnQtc2l6ZSI7czoyOiIxNiI7czoxMToiZm9udC1mYW1pbHkiO3M6MDoiIjtzOjU6ImFsaWduIjtzOjY6ImNlbnRlciI7czo1OiJjb2xvciI7czowOiIiO31zOjk6ImFuaW1hdGlvbiI7czo0OiJmYWRlIjtzOjU6ImRlbGF5IjtzOjQ6IjM1MDAiO3M6NToic3BlZWQiO3M6NDoiMTAwMCI7czoxMjoiY29sb3Jfc2NoZW1lIjtzOjA6IiI7fX19fX19fQ==<\/p>\n","protected":false},"excerpt":{"rendered":"<p>YToyOntpOjA7YTozOntzOjU6ImNsYXNzIjtzOjA6IiI7czo1OiJzdHlsZSI7YToxNzp7czoxNjoiYmFja2dyb3VuZF9jb2xvciI7YTozOntzOjY6ImNvbG9yMSI7czo3OiIjMDA5ZmRmIjtzOjY6ImNvbG9yMiI7czowOiIiO3M6MTI6InRyYW5zcGFyZW5jeSI7czozOiIxMDAiO31zOjE2OiJiYWNrZ3JvdW5kX2ltYWdlIjthOjc6e3M6MTM6Im92ZXJsYXlfY29sb3IiO3M6NzoiIzE1OGViZiI7czoyMDoib3ZlcmxheV90cmFuc3BhcmVuY3kiO3M6MjoiODAiO3M6ODoicG9zaXRpb24iO3M6MTM6ImNlbnRlciBjZW50ZXIiO3M6NjoicmVwZWF0IjtzOjk6Im5vLXJlcGVhdCI7czo1OiJpbWFnZSI7czo0MDoiL3dwLWNvbnRlbnQvdXBsb2Fkcy8yMDE3LzA4L3BvemFkaV8yLnBuZyI7czo3OiJpbWFnZWlkIjtzOjA6IiI7czo3OiJwYXR0ZXJuIjtzOjA6IiI7fXM6NDoiZm9udCI7YTo0OntzOjk6ImZvbnQtc2l6ZSI7czowOiIiO3M6MTE6ImZvbnQtZmFtaWx5IjtzOjA6IiI7czo2OiJ3ZWlnaHQiO3M6MDoiIjtzOjU6ImNvbG9yIjtzOjc6IiNmZmZmZmYiO31zOjEwOiJsaW5rX2NvbG9yIjtzOjc6IiNmZmZmZmYiO3M6NDoidHlwZSI7czo1OiJiYXNpYyI7czoxMToicGFkZGluZ190b3AiO3M6MjoiNDAiO3M6MTQ6InBhZGRpbmdfYm90dG9tIjtzOjI6IjMwIjtzOjEyOiJwYWRkaW5nX2xlZnQiO2E6Mjp7czo0OiJzaXplIjtzOjA6IiI7czo0OiJ1bml0IjtzOjI6InB4Ijt9czoxMzoicGFkZGluZ19yaWdodCI7YToyOntzOjQ6InNpemUiO3M6MDoiIjtzOjQ6InVuaXQiO3M6MjoicHgiO31zOjg6Im1hcmdpbl90IjthOjE6e3M6NDoic2l6ZSI7czowOiIiO31zOjg6Im1hcmdpbl9iIjthOjE6e3M6NDoic2l6ZSI7czowOiIiO31zOjEwOiJib3JkZXItdG9wIjthOjM6e3M6NDoic2l6ZSI7czoxOiIwIjtzOjU6InN0eWxlIjtzOjU6InNvbGlkIjtzOjU6ImNvbG9yIjtzOjc6IiMwMDlmZGYiO31zOjEzOiJib3JkZXItYm90dG9tIjthOjM6e3M6NDoic2l6ZSI7czoxOiIwIjtzOjU6InN0eWxlIjtzOjU6InNvbGlkIjtzOjU6ImNvbG9yIjtzOjA6IiI7fXM6MTA6Im1pbi1oZWlnaHQiO3M6MDoiIjtzOjE0OiJoZWlnaHRfc2V0dGluZyI7YToxOntzOjg6ImlzX3NhdmVkIjtzOjE6IjEiO31zOjk6ImNzc19jbGFzcyI7czowOiIiO3M6NToiZGVsYXkiO3M6MDoiIjt9czo3OiJjb250ZW50IjthOjE6e2k6MDthOjM6e3M6NDoidHlwZSI7czo3OiJjb2wtb25lIjtzOjU6ImNsYXNzIjtzOjA6IiI7czo3OiJjb250ZW50IjthOjI6e2k6MDthOjQ6e3M6NDoidHlwZSI7czo1OiJ0aXRsZSI7czo3OiJjb250ZW50IjtzOjUwOiI8aDEgc3R5bGU9XCJ0ZXh0LWFsaWduOiBjZW50ZXI7XCI+Rm90b2dhbGVyaWU8L2gxPiI7czo1OiJzdHlsZSI7YTo1OntzOjQ6ImZvbnQiO2E6Njp7czo5OiJmb250LXNpemUiO3M6MjoiNTAiO3M6MTE6ImZvbnQtZmFtaWx5IjtzOjA6IiI7czo2OiJ3ZWlnaHQiO3M6MDoiIjtzOjExOiJsaW5lLWhlaWdodCI7czozOiIxLjIiO3M6NToiY29sb3IiO3M6NzoiIzAwMmY2YyI7czoxMToidGV4dC1zaGFkb3ciO3M6NDoibm9uZSI7fXM6NToic3R5bGUiO3M6MToiMSI7czo2OiJib3JkZXIiO2E6Mjp7czo0OiJzaXplIjtzOjE6IjEiO3M6NToiY29sb3IiO3M6NzoiI2Q1ZDVkNSI7fXM6MTY6ImJhY2tncm91bmQtY29sb3IiO2E6Mzp7czo2OiJjb2xvcjEiO3M6NzoiI2VmZWZlZiI7czo2OiJjb2xvcjIiO3M6MDoiIjtzOjEyOiJ0cmFuc3BhcmVuY3kiO3M6MzoiMTAwIjt9czo1OiJhbGlnbiI7czo2OiJjZW50ZXIiO31zOjY6ImNvbmZpZyI7YTo3OntzOjk6Im1heF93aWR0aCI7czowOiIiO3M6MTA6Im1hcmdpbl90b3AiO3M6MToiMCI7czoxMzoibWFyZ2luX2JvdHRvbSI7czoxOiI1IjtzOjU6ImRlbGF5IjtzOjA6IiI7czo3OiJhbmltYXRlIjtzOjA6IiI7czoyOiJpZCI7czowOiIiO3M6NToiY2xhc3MiO3M6MDoiIjt9fWk6MTthOjM6e3M6NDoidHlwZSI7czo0OiJ0ZXh0IjtzOjc6ImNvbnRlbnQiO3M6NzI6IjxwIHN0eWxlPVwidGV4dC1hbGlnbjogY2VudGVyO1wiPkthbmFsaXphY2UgYSDEjE9WIETFmcOtbm92ICg2MjAgRU8pPC9wPiI7czo1OiJzdHlsZSI7YTo0OntzOjQ6ImZvbnQiO2E6NTp7czo5OiJmb250LXNpemUiO3M6MDoiIjtzOjExOiJmb250LWZhbWlseSI7czowOiIiO3M6Njoid2VpZ2h0IjtzOjA6IiI7czoxMToibGluZS1oZWlnaHQiO3M6MDoiIjtzOjU6ImNvbG9yIjtzOjc6IiMwMDJmNmMiO31zOjI6ImxpIjtzOjA6IiI7czo1OiJzdHlsZSI7czoxOiIxIjtzOjE4OiJwLWJhY2tncm91bmQtY29sb3IiO2E6Mzp7czo2OiJjb2xvcjEiO3M6NzoiI2U4ZThlOCI7czo2OiJjb2xvcjIiO3M6MDoiIjtzOjEyOiJ0cmFuc3BhcmVuY3kiO3M6MzoiMTAwIjt9fX19fX19aToxO2E6Mzp7czo1OiJjbGFzcyI7czowOiIiO3M6NToic3R5bGUiO2E6Mzp7czoxNjoiYmFja2dyb3VuZF9jb2xvciI7YTozOntzOjY6ImNvbG9yMSI7czo0OiIjZmZmIjtzOjY6ImNvbG9yMiI7czowOiIiO3M6MTI6InRyYW5zcGFyZW5jeSI7czozOiIxMDAiO31zOjEwOiJsaW5rX2NvbG9yIjtzOjA6IiI7czo0OiJmb250IjthOjQ6e3M6OToiZm9udC1zaXplIjtzOjA6IiI7czoxMToiZm9udC1mYW1pbHkiO3M6MDoiIjtzOjY6IndlaWdodCI7czowOiIiO3M6NToiY29sb3IiO3M6MDoiIjt9fXM6NzoiY29udGVudCI7YToxOntpOjA7YTozOntzOjQ6InR5cGUiO3M6NzoiY29sLW9uZSI7czo1OiJjbGFzcyI7czowOiIiO3M6NzoiY29udGVudCI7YToxOntpOjA7YTozOntzOjQ6InR5cGUiO3M6MTM6ImltYWdlX2dhbGxlcnkiO3M6NzoiY29udGVudCI7czowOiIiO3M6NToic3R5bGUiO2E6OTp7czoxOToiaW1hZ2VfZ2FsbGVyeV9pdGVtcyI7YTozNDp7aTowO3M6MzoiMTA5IjtpOjE7czozOiIxMTAiO2k6MjtzOjM6IjExMSI7aTozO3M6MzoiMTEyIjtpOjQ7czozOiIxMTMiO2k6NTtzOjM6IjExNCI7aTo2O3M6MzoiMTE1IjtpOjc7czozOiIxMTYiO2k6ODtzOjM6IjExOCI7aTo5O3M6MzoiMTM3IjtpOjEwO3M6MzoiMTM2IjtpOjExO3M6MzoiMTE5IjtpOjEyO3M6MzoiMTIwIjtpOjEzO3M6MzoiMzQ3IjtpOjE0O3M6MzoiMTIxIjtpOjE1O3M6MzoiMTE3IjtpOjE2O3M6MzoiMTIyIjtpOjE3O3M6MzoiMTI5IjtpOjE4O3M6MzoiMTIzIjtpOjE5O3M6MzoiMTI0IjtpOjIwO3M6MzoiMTI2IjtpOjIxO3M6MzoiMTI3IjtpOjIyO3M6MzoiMTI4IjtpOjIzO3M6MzoiMTMwIjtpOjI0O3M6MzoiMTMxIjtpOjI1O3M6MzoiMTMyIjtpOjI2O3M6MzoiMTMzIjtpOjI3O3M6MzoiMTM0IjtpOjI4O3M6MzoiMTM1IjtpOjI5O3M6MzoiMTM4IjtpOjMwO3M6MzoiMTM5IjtpOjMxO3M6MzoiMTQwIjtpOjMyO3M6MzoiMTA4IjtpOjMzO3M6MzoiMTQxIjt9czo0OiJjb2xzIjtzOjE6IjMiO3M6MTM6ImdhbGxlcnlfc3R5bGUiO3M6MTE6Im5vX2NhcHRpb25zIjtzOjEwOiJ0aHVtYl9uYW1lIjtzOjEyOiJtaW9fY29sdW1uc18iO3M6NDoiZm9udCI7YTo0OntzOjk6ImZvbnQtc2l6ZSI7czoyOiIxNiI7czoxMToiZm9udC1mYW1pbHkiO3M6MDoiIjtzOjU6ImFsaWduIjtzOjY6ImNlbnRlciI7czo1OiJjb2xvciI7czowOiIiO31zOjk6ImFuaW1hdGlvbiI7czo0OiJmYWRlIjtzOjU6ImRlbGF5IjtzOjQ6IjM1MDAiO3M6NToic3BlZWQiO3M6NDoiMTAwMCI7czoxMjoiY29sb3Jfc2NoZW1lIjtzOjA6IiI7fX19fX19fQ==<\/p>\n","protected":false},"author":1,"featured_media":0,"parent":0,"menu_order":0,"comment_status":"open","ping_status":"closed","template":"","meta":{"footnotes":""},"class_list":["post-280","page","type-page","status-publish","hentry"],"_links":{"self":[{"href":"https:\/\/www.vhsprojekt.cz\/index.php\/wp-json\/wp\/v2\/pages\/280","targetHints":{"allow":["GET"]}}],"collection":[{"href":"https:\/\/www.vhsprojekt.cz\/index.php\/wp-json\/wp\/v2\/pages"}],"about":[{"href":"https:\/\/www.vhsprojekt.cz\/index.php\/wp-json\/wp\/v2\/types\/page"}],"author":[{"embeddable":true,"href":"https:\/\/www.vhsprojekt.cz\/index.php\/wp-json\/wp\/v2\/users\/1"}],"replies":[{"embeddable":true,"href":"https:\/\/www.vhsprojekt.cz\/index.php\/wp-json\/wp\/v2\/comments?post=280"}],"version-history":[{"count":4,"href":"https:\/\/www.vhsprojekt.cz\/index.php\/wp-json\/wp\/v2\/pages\/280\/revisions"}],"predecessor-version":[{"id":349,"href":"https:\/\/www.vhsprojekt.cz\/index.php\/wp-json\/wp\/v2\/pages\/280\/revisions\/349"}],"wp:attachment":[{"href":"https:\/\/www.vhsprojekt.cz\/index.php\/wp-json\/wp\/v2\/media?parent=280"}],"curies":[{"name":"wp","href":"https:\/\/api.w.org\/{rel}","templated":true}]}}